0114 (base 5) to base 12.
-46b
4a80 (base 11) to base 16
19de
-60d9 (base 14) to base 2
-100000100001111
Convert -25631 (base 10) to base 15.
-78db
Convert 13219 (base 12) to base 7.
136320
Convert 1102112122 (base 3) to base 5.
1344342
What is 51477 (base 9) in base 7?
200626
What is -dbb2 (base 15) in base 16?
-b5b5
What is -102400 (base 5) in base 6?
-24031
-233775 (base 8) to base 5
-10023434
-28887 (base 9) to base 14
-725b
-1821b (base 13) to base 9
-70705
Convert 22110022 (base 3) to base 8.
14024
What is -673a (base 11) in base 16?
-22ac
What is -3754 (base 11) in base 4?
-1030203
What is aa16 (base 13) in base 11?
16877
-11320 (base 4) to base 11
-312
Convert -12322 (base 12) to base 3.
-1020210222
Convert -1112 (base 4) to base 8.
-126
What is -6670 (base 9) in base 15?
-16d3
What is 12674 (base 9) in base 11?
6493
-10540 (base 6) to base 13
-8b5
Convert -329d (base 15) to base 6.
-121351
What is -12002 (base 3) in base 13?
-a7
What is -ad (base 14) in base 4?
-2121
What is 7dd (base 16) in base 2?
11111011101
-16401 (base 9) to base 13
-5182
Convert -2876 (base 10) to base 5.
-43001
Convert 270 (base 16) to base 8.
1160
Convert 102333 (base 4) to base 11.
a05
What is 18 (base 12) in base 9?
22
What is -2340 (base 6) in base 11?
-473
What is -23bb1 (base 12) in base 8?
-136365
What is -1936b (base 14) in base 4?
-33210303
Convert 415 (base 7) to base 12.
154
206 (base 14) to base 2
110001110
What is -23246 (base 7) in base 5?
-142323
-881 (base 9) to base 16
-2d1
What is -c23 (base 15) in base 14?
-dd3
Convert -4054 (base 6) to base 3.
-1020021
What is -4242 (base 6) in base 15?
-442
What is 33444 (base 6) in base 7?
16504
1855 (base 10) to base 3
2112201
What is -1041321 (base 5) in base 3?
-221011010
What is 1c8 (base 13) in base 2?
101001101
What is 12843 (base 10) in base 4?
3020223
What is -373 (base 9) in base 8?
-465
-21d (base 14) to base 15
-1ce
65 (base 16) to base 14
73
-303 (base 12) to base 14
-231
Convert -24255 (base 6) to base 13.
-1811
Convert d13 (base 14) to base 5.
40230
What is -2394 (base 15) in base 14?
-2a84
Convert -858b (base 15) to base 13.
-cb27
Convert -4a5 (base 14) to base 8.
-1641
What is -905b (base 13) in base 5?
-1113344
-1062 (base 8) to base 9
-684
What is 10b (base 13) in base 3?
20200
-10011000101011 (base 2) to base 4
-2120223
What is -30211 (base 5) in base 4?
-132023
10000001010 (base 2) to base 12
722
What is -11ee8 (base 16) in base 13?
-2757b
624a3 (base 11) to base 10
91105
-2861 (base 9) to base 5
-32121
What is -3254 (base 6) in base 2?
-1011110010
3377 (base 8) to base 14
91d
304 (base 7) to base 3
12121
Convert -75a (base 11) to base 12.
-640
Convert -64651 (base 7) to base 14.
-5c28
-10100110111 (base 2) to base 5
-20320
What is -101001100 (base 2) in base 9?
-408
Convert 20120221 (base 3) to base 13.
2257
Convert -4513 (base 6) to base 3.
-1110000
What is 528 (base 10) in base 9?
646
-25248 (base 11) to base 5
-2124411
2011 (base 3) to base 9
64
4115 (base 6) to base 2
1110001111
Convert -3000111 (base 4) to base 2.
-11000000010101
Convert -880 (base 11) to base 16.
-420
-17d4a (base 14) to base 7
-340423
Convert c3 (base 13) to base 7.
315
What is -6440 (base 8) in base 7?
-12540
Convert -11236 (base 11) to base 12.
-94a5
15060 (base 7) to base 4
1000332
What is 2b0 (base 16) in base 6?
3104
Convert 4285 (base 12) to base 13.
3428
What is -302002 (base 4) in base 8?
-6202
What is 120122022 (base 3) in base 4?
2302022
-41cd (base 16) to base 15
-4ed0
What is -1241 (base 6) in base 12?
-221
Convert 442 (base 5) to base 6.
322
-18883 (base 10) to base 4
-10213003
-2001211102 (base 3) to base 7
-226442
What is 1011102 (base 3) in base 2?
1101010000
Convert 7ab (base 14) to base 2.
10111110011
21333 (base 4) to base 16
27f
20885 (base 9) to base 13
63c2
Convert 11010011 (base 2) to base 4.
3103
Convert 274 (base 15) to base 6.
2331
192b (base 16) to base 8
14453
Convert 101001110100111 (base 2) to base 9.
32334
What is -49 (base 11) in base 16?
-35
Convert -208 (base 9) to base 10.
-170
-966 (base 11) to base 9
-1530
Convert -12121 (base 5) to base 4.
-32033
What is -c843 (base 13) in base 14?
-a199
Convert -12b15 (base 12) to base 6.
-315225
What is 101211 (base 3) in base 11?
246
Convert 9a3b (base 12) to base 9.
25332
582 (base 13) to base 7
2526
-2bc1 (base 16) to base 14
-4121
Convert 1296c (base 16) to base 8.
224554
Convert 1094 (base 10) to base 9.
1445
Convert 45255 (base 6) to base 5.
200441
2334420 (base 5) to base 3
2012010200
What is -1010111000000 (base 2) in base 7?
-22143
-94a (base 12) to base 8
-2512
Convert -1500 (base 8) to base 11.
-697
781 (base 14) to base 3
2001000
Convert 529 (base 11) to base 10.
636
Convert -1000 (base 13) to base 10.
-2197
Convert 71d (base 14) to base 7.
4036
What is 1a99 (base 11) in base 16?
a59
What is 24815 (base 13) in base 15?
14e05
What is -1443 (base 8) in base 10?
-803
What is 1214 (base 8) in base 5?
10102
Convert 3 (base 5) to base 15.
3
Convert -12461 (base 9) to base 15.
-274d
1ce2 (base 15) to base 5
200122
1244 (base 13) to base 4
220133
Convert -100112101 (base 3) to base 2.
-1101100100101
Convert 520 (base 9) to base 2.
110100111
What is 1104 (base 8) in base 11?
488
What is -10112010 (base 3) in base 16?
-a08
1332 (base 4) to base 7
240
-312 (base 8) to base 7
-406
-4cd3 (base 16) to base 11
-1385a
15133 (base 6) to base 7
10044
-31044 (base 5) to base 4
-133220
Convert -11300 (base 5) to base 2.
-1100111001
-3013 (base 6) to base 10
-657
Convert -12013 (base 4) to base 6.
-1451
-340 (base 7) to base 14
-c7
What is 2323 (base 6) in base 2?
1000101011
-13122 (base 4) to base 5
-3344
What is 20002301 (base 4) in base 8?
100261
What is 2111000 (base 5) in base 8?
104465
42214 (base 5) to base 2
101011111001
What is 19a1 (base 12) in base 10?
3145
What is -460 (base 7) in base 10?
-238
11b8 (base 13) to base 3
10110020
What is 1198 (base 12) in base 8?
3704
-3314 (base 7) to base 2
-10010100011
Convert 41410 (base 7) to base 9.
14827
What is 30032 (base 4) in base 5?
11112
What is 1100101011101101 (base 2) in base 9?
78231
What is 220255 (base 6) in base 8?
43513
2eb (base 15) to base 7
1646
Convert -4c23 (base 15) to base 8.
-37551
What is -6433 (base 8) in base 11?
-2580
Convert 1129 (base 11) to base 9.
2027
What is -189 (base 14) in base 4?
-10331
What is -621 (base 9) in base 15?
-23a
Convert -10000011100 (base 2) to base 7.
-3032
Convert -1382 (base 14) to base 15.
-104b
-164353 (base 7) to base 13
-11bba
Convert 4949 (base 11) to base 13.
2c35
What is 664 (base 11) in base 2?
1100011100
-2557 (base 8) to base 3
-1220112
What is 277 (base 14) in base 7?
1310
-413110 (base 6) to base 10
-33090
Convert 2b8 (base 16) to base 6.
3120
What is 120201 (base 3) in base 15?
1d4
-26260 (base 9) to base 8
-42460
110001101001000 (base 2) to base 15
77e6
Convert 1001010001 (base 2) to base 14.
305
6cc (base 15) to base 9
2103
1212000 (base 3) to base 10
1350
134210 (base 5) to base 12
326b
Convert 5150 (base 14) to base 3.
201012000
What is -afcc (base 16) in base 10?
-45004
110010110100 (base 2) to base 16
cb4
15205 (base 11) to base 3
1002112220
Convert -772 (base 11) to base 4.
-32132
Convert 10000000100111100 (base 2) to base 7.
362663
Convert -2102102000 (base 3) to base 6.
-1004430
Convert 305 (base 14) to base 9.
728
Convert 826 (base 14) to base 12.
b16
44314 (base 8) to base 4
10203030
15326 (base 10) to base 6
154542
Convert -201313 (base 5) to base 15.
-1da8
369 (base 10) to base 3
111200
What is -2194 (base 15) in base 2?
-1101111001010
Convert -1022 (base 7) to base 10.
-359
Convert 189 (base 14) to base 7.
632
What is -71a (base 13) in base 12?
-846
63d7 (base 15) to base 16
5287
Convert 110111011 (base 2) to base 9.
542
Convert -127b (base 13) to base 7.
-10455
What is 430411 (base 5) in base 6?
151013
Convert 76 (base 16) to base 15.
7d
Convert 21312313 (base 4) to base 6.
510531
-2107 (base 11) to base 9
-3740
Convert 125226 (base 7) to base 14.
8786
Convert -3356 (base 10) to base 11.
-2581
2a52 (base 15) to base 9
13405
Convert 1101000010 (base 2) to base 15.
3a9
Convert -37644 (base 9) to base 5.
-1302222
What is 566 (base 12) in base 4?
30132
What is -a6ad (base 15) in base 11?
-24548
What is 1c8c (base 14) i